e i(-1).
58
Let q(h) = -h**2 - 3*h - 4. Give q(-8).
-44
Let n(m) = 2*m**2 + 26*m + 6. Determine n(-9).
-66
Let z(u) = -u**2 - 10*u - 23. Determine z(-9).
-14
Let j(p) = p**2 + 7*p + 4. What is j(-5)?
-6
Let o(q) = 5*q**2 - 3*q + 1. Calculate o(2).
15
Let w(c) = 3*c + 2. Determine w(2).
8
Let g(f) = f**3 - 7*f**2 - 7*f - 12. Determine g(8).
-4
Let w(i) = -2*i**3 + 17*i**2 - 7*i - 19. Calculate w(8).
-11
Let w(y) = 37*y + 98. What is w(-3)?
-13
Let v(g) = 76*g + 4. What is v(1)?
80
Let i(s) = -45*s**2 + 3*s - 2. Calculate i(1).
-44
Let x(h) = h**2 - 10*h + 12. Give x(9).
3
Let x(r) = r**2. Determine x(0).
0
Let w(v) = 8*v**3 + v**2 - v. Determine w(1).
8
Let p(y) = y**2 - 2*y + 2. What is p(2)?
2
Let q(g) = 9*g**3 + 2*g**2 + 2*g - 3. Give q(1).
10
Let j(z) = -z**2 - 4*z. What is j(-4)?
0
Let g(y) = -11*y**3 - y**2 + y. Give g(1).
-11
Let r(y) = y**2 + 5*y - 35. What is r(-9)?
1
Let h(s) = 4*s**2 - 73*s + 72. Determine h(1).
3
Let g(s) = 5*s**2 + 58*s - 9. Calculate g(-11).
-42
Let r(v) = -v**3 + 20*v**2 - 37*v + 10. Determine r(18).
-8
Let v(a) = -26*a**2 - 58*a - 3. Determine v(-2).
9
Let z(i) = -4*i**3 + 2*i**2 + 2*i - 4. Determine z(2).
-24
Let g(m) = m + 13. What is g(-5)?
8
Let l(r) = -r**3 + 4*r**2 + 6*r - 18. Give l(5).
-13
Let k(g) = -8*g + 54. Determine k(9).
-18
Let u(g) = 2*g**3 - g**2 - 2*g + 2. Calculate u(-3).
-55
Let g(h) = h**2 - 12*h - 17. Determine g(12).
-17
Let k(l) = -14*l + 39. Give k(4).
-17
Let i(d) = d + 9. Calculate i(-5).
4
Let s(j) = 2*j**2 + j + 1. What is s(-2)?
7
Let u(d) = 4*d**2 + 20*d - 1. Determine u(-5).
-1
Let p(k) = -k**3 - 6*k**2 + 14*k - 15. Calculate p(-8).
1
Let o(a) = a**3 - a - 1. Calculate o(0).
-1
Let y(i) = -i**2 - 24*i - 54. Calculate y(-17).
65
Let c(y) = y**3 + 6*y**2 - 8*y + 3. Determine c(-7).
10
Let q(d) = d**3 + 28*d**2 + 50*d - 50. Give q(-26).
2
Let t(o) = o**2 + 10*o + 20. Calculate t(-7).
-1
Let o(k) = k**3 + 9*k**2 + 12*k + 31. What is o(-9)?
-77
Let t(h) = -h**2 - 19*h + 156. Calculate t(-25).
6
Let m(d) = -3*d + 25. Give m(8).
1
Let x(m) = 18*m + 1. Calculate x(10).
181
Let p(v) = 4*v + 20. What is p(5)?
40
Let g(t) = t - 4. Determine g(3).
-1
Let g(n) = 8*n + 5. Determine g(6).
53
Let g(k) = k**2 + k - 22. What is g(0)?
-22
Let t(x) = x**2 + 8*x + 5. Determine t(-7).
-2
Let b(l) = l**3 + 16*l**2 + 30*l - 10. Determine b(-14).
-38
Let j(h) = -h**3 + 7*h**2 + 15*h - 45. Determine j(8).
11
Let c(o) = o - 4. Give c(1).
-3
Let q(r) = -11*r**2 + 2*r + 1. Calculate q(-2).
-47
Let w(a) = 2*a + 14. Calculate w(15).
44
Let b(t) = t**3 - 5*t**2 - t - 3. Calculate b(3).
-24
Let h(c) = 7*c - 19. Calculate h(4).
9
Let p(f) = -f**3 + 4*f**2 - 8*f + 8. Determine p(2).
0
Let v(n) = -10*n - 7. Give v(-6).
53
Let s(x) = -x**2 - 10*x + 13. Give s(-11).
2
Let z(c) = c**3 - 32*c**2 - 34*c + 28. Determine z(33).
-5
Let y(h) = -h**3 + 10*h**2 + h - 7. Calculate y(10).
3
Let i(j) = 2*j**3 - j**2 + j + 1. Determine i(0).
1
Let y(n) = -n**2 - 17*n - 43. Give y(-15).
-13
Let s(b) = -3*b**2 + 11*b - 24. What is s(4)?
-28
Let b(y) = -y**3 + 6*y**2 - 2*y - 27. Determine b(5).
-12
Let v(f) = 26*f + 8. Determine v(-1).
-18
Let v(y) = y**2 - 6*y + 56. What is v(0)?
56
Let v(m) = -m**3 - 8*m**2 - 14*m - 9. Calculate v(-7).
40
Let m(x) = x**2 + 6*x - 5. Calculate m(-5).
-10
Let g(o) = -24*o - 15. Calculate g(1).
-39
Let b(o) = o**2 + 7*o - 18. Calculate b(-10).
12
Let k(z) = 4*z**3 + z**2 - 3*z - 2. Determine k(-2).
-24
Let c(n) = -39*n - 862. Determine c(-22).
-4
Let z(w) = 14*w**3 - 2*w**2 - 3*w - 1. Calculate z(-1).
-14
Let f(y) = -y**2 + 9*y + 5. Determine f(8).
13
Let u(l) = -32*l + 63. What is u(2)?
-1
Let i(v) = -v**2 + 5*v + 12. Give i(6).
6
Let g(p) = -8*p + 44. Calculate g(8).
-20
Let d(c) = -13*c - 137. Determine d(-10).
-7
Let y(z) = z**2 + 10*z - 38. Calculate y(-13).
1
Let x(v) = -4*v**2 - 4*v + 17. What is x(-6)?
-103
Let a(m) = 15*m + 38. What is a(-9)?
-97
Let b(o) = 2*o**2 + 74*o + 78. What is b(-36)?
6
Let p(k) = 4*k - 18. What is p(-8)?
-50
Let p(z) = z**2 - 17*z - 119. What is p(22)?
-9
Let b(r) = 3*r**3 - 5*r**2 - r + 2. What is b(3)?
35
Let r(o) = o - 20. What is r(14)?
-6
Let r(l) = 27*l - 185. Determine r(10).
85
Let y(p) = -4*p**2 + 3*p + 8. Determine y(-2).
-14
Let n(w) = w + 13. Give n(-15).
-2
Let f(b) = -b**2 + 4*b - 2. Calculate f(6).
-14
Let b(p) = -105*p + 318. Give b(3).
3
Let r(m) = -13*m - 49. What is r(-4)?
3
Let x(u) = 3*u + 21. What is x(-3)?
12
Let j(f) = 7*f**3 - f**2 - 4*f + 5. What is j(2)?
49
Let g(c) = -c**2 - 2*c + 1. What is g(9)?
-98
Let m(s) = 2*s - 28. Determine m(11).
-6
Let i(v) = v**3 - 9*v**2 + 4*v - 30. What is i(9)?
6
Let f(w) = w**2 + 2*w - 6. Give f(4).
18
Let x(n) = n**3 - 4*n**2 - 6*n + 6. Give x(5).
1
Let k(t) = -17*t**2 - t - 6. Give k(3).
-162
Let q(w) = -10*w**2 - 19*w - 1. Calculate q(-2).
-3
Let a(k) = -2*k**2 + 4*k - 1. Give a(8).
-97
Let j(o) = -o**3 - 5*o**2 + 4*o - 5. Calculate j(-6).
7
Let y(z) = z**3 + 46*z**2 + 2*z + 92. Determine y(-46).
0
Let u(m) = -m**3 + 8*m**2 - m + 3. Give u(8).
-5
Let b(w) = 6*w**2 + 5*w - 36. Determine b(2).
-2
Let x(n) = 2*n**3 + 6*n**2 + 5*n - 5. Determine x(-4).
-57
Let k(j) = j**3 - 9*j**2 - 9*j - 5. Calculate k(10).
5
Let z(m) = -6*m - 2. What is z(2)?
-14
Let u(a) = a - 17. Give u(15).
-2
Let q(m) = -m**3 + 4*m**2 + 12*m + 2. Calculate q(6).
2
Let t(o) = -o**2 + 4*o + 6. Calculate t(7).
-15
Let b(h) = -3*h + 5. Give b(11).
-28
Let k(c) = c**2 + 12*c + 13. Calculate k(-7).
-22
Let w(r) = -107*r - 2. Give w(1).
-109
Let p(w) = -w**3 + 5*w**2 - 4*w + 1. Give p(2).
5
Let y(l) = -l**3 - 2*l**2 + 24*l + 12. What is y(-5)?
-33
Let v(o) = -o**3 + 9*o**2 - 13*o - 10. Give v(7).
-3
Let d(i) = 2*i**3 + 16*i**2 + 7*i - 5. Determine d(-8).
-61
Let o(s) = 2*s**2 + 2*s - 2. Give o(-3).
10
Let n(v) = -2*v**2 + 27*v - 13. What is n(4)?
63
Let b(p) = -5*p**2 + 14*p + 1. Determine b(-1).
-18
Let c(n) = -n**3 + 20*n**2 - n + 14. Calculate c(20).
-6
Let d(q) = q**3 - 11*q**2 + 13*q - 2. Determine d(10).
28
Let m(p) = 2*p + 16. What is m(-6)?
4
Let i(r) = -r**3 + 6*r**2 + 9*r - 3. What is i(7)?
11
Let p(d) = -73*d + 146. Determine p(2).
0
Let v(i) = i + 4. Calculate v(13).
17
Let c(o) = 3*o**2 + 13*o - 3. Determine c(-4).
-7
Let n(x) = x**2 + 3*x - 1. Give n(2).
9
Let a(p) = 13*p**2 - 2*p + 1. Determine a(-2).
57
Let v(h) = -16*h + 7. Determine v(0).
7
Let w(m) = -m**2 + 3*m - 19. Give w(7).
-47
Let o(r) = -48*r - 139. Give o(-3).
5
Let k(u) = u**3 + 7*u**2 + 5*u + 9. Give k(-7).
-26
Let q(u) = -8*u - 458. Determine q(-57).
-2
Let l(q) = -2*q**3 - 6*q**2 + 5*q + 3. Give l(-4).
15
Let l(o) = o**3 + 24*o**2 + 45*o + 24. Give l(-22).
2
Let t(q) = -q**2 + 19*q + 12. Determine t(21).
-30
Let y(q) = q**2 - 21. Determine y(0).
-21
Let z(u) = 2*u. Give z(0).
0
Let z(u) = -29*u + 2. Calculate z(-4).
118
Let v(p) = 3*p**2 + 9*p - 5. Give v(2).
25
Let h(u) = -u**3 + 15*u**2 - 23*u - 37. Calculate h(13).
2
Let i(m) = -m - 27. What is i(17)?
-44
Let c(n) = -2*n**2 - 9*n - 3. Give c(-4).
1
Let y(h) = -4*h + 53. Determine y(10).
13
Let y(t) = 2*t**2 - 2*t - 3. What is y(-2)?
9
Let w(s) = -s**3 - 14*s**2 - 13*s + 7. Determine w(-13).
7
Let f(h) = -h**2 + 19*h - 94. Determine f(12).
-10
Let n(c) = -3*c**2 + 6*c - 14. Give n(2).
-14
Let g(l) = l**2 - 16*l - 30. What is g(18)?
6
Let d(g) = 2*g - 1. Determine d(-1).
-3
Let b(g) = 44*g - 76. Determine b(2).
12
Let c(p) = 2*p**2 - 35*p - 21. What is c(18)?
-3
Let x(o) = 2*o**2 - 66*o + 80. Calculate x(32).
16
Let z(r) = r**3 - 4*r**2 - 2. Give z(4).
-2
Let u(g) = -9*g**2 - 2*g - 8. What is u(-2)?
-40
Let f(s) = 8*s - 38. What is f(5)?
2
Let t(v) = v**3 - 3*v**2 - 44*v + 20. Calculate t(8).
-12
Let g(q) = -q**2 - 5*q + 6. Give g(-7).
-8
Let j(n) = n**3 - 12*n**2 + 10*n - 1. Calculate j(11).
-12
Let l(a) = a**2 - 4*a + 8. What is l(4)?
8
Let x(p) = -p**2 + 3*p - 6. Calculate x(-6).
-60
Let v(f) = -f**2 - 11*f - 4. What is v(-13)?
-30
Let q(f) = 3*f - 76. Give q(11).
-43
Let y(q) = -q**2 + 5*q + 8. Determine y(-6).
-58
Let c(s) = s**3 + 24*s**2 - 25*s + 2. Give c(-25).
2
Let j(q) = -q**2 + 7*q - 4. Give j(1).
2
Let i(o) = 3*o - 47. Give i(13).
-8
Let w(r) = r**3 + 19*r**2 - 5*r + 14. Determine w(-19).
109
Let m(q) = q**3 - 7*q**2 + 7*q - 2. Determine m(7).
47
Let b(s) = s**3 - 6*s**2 + 4*s - 21. Calculate b(